515436.
2, 3, 1097651
List the prime factors of 62565243.
3, 13, 1604237
What are the prime factors of 226731876?
2, 3, 7, 61, 44249
List the prime factors of 2007475857.
3, 23, 449, 21599
What are the prime factors of 446528951?
11, 281, 144461
List the prime factors of 57974740.
2, 5, 107, 27091
What are the prime factors of 130377541?
7, 18625363
What are the prime factors of 1435886487?
3, 7, 17, 19, 43, 547
What are the prime factors of 181615726?
2, 17, 5341639
What are the prime factors of 106012628?
2, 19, 79, 17657
What are the prime factors of 634287222?
2, 3, 19, 157, 11813
What are the prime factors of 20249195?
5, 599, 6761
What are the prime factors of 90810737?
79, 1149503
List the prime factors of 4117598219.
7, 31, 18975107
List the prime factors of 278323700.
2, 5, 181, 15377
List the prime factors of 78984701.
78984701
What are the prime factors of 739006830?
2, 3, 5, 17, 31, 15581
What are the prime factors of 62170867?
11, 29, 79, 2467
List the prime factors of 2400828071.
2400828071
What are the prime factors of 3988865467?
3988865467
What are the prime factors of 2136861890?
2, 5, 823, 259643
What are the prime factors of 113319023?
2939, 38557
List the prime factors of 1577117029.
41, 38466269
What are the prime factors of 380815269?
3, 29, 1811, 2417
What are the prime factors of 232649807?
13, 23, 53, 277
List the prime factors of 80373898.
2, 11, 3653359
List the prime factors of 160103380.
2, 5, 8005169
List the prime factors of 52240426.
2, 7, 29, 223, 577
What are the prime factors of 170931278?
2, 7, 29, 43, 9791
List the prime factors of 55133950.
2, 5, 1102679
What are the prime factors of 659824120?
2, 5, 16495603
What are the prime factors of 2165258481?
3, 103, 7007309
What are the prime factors of 22215108?
2, 3, 1851259
What are the prime factors of 6281783539?
6281783539
What are the prime factors of 81395655?
3, 5, 11, 61, 8087
List the prime factors of 19932139.
73, 273043
List the prime factors of 2683336299.
3, 7, 71, 83, 21683
What are the prime factors of 3223533?
3, 1074511
What are the prime factors of 33745381?
33745381
List the prime factors of 17407273.
13, 823, 1627
List the prime factors of 1412541790.
2, 5, 11, 12841289
List the prime factors of 31237038.
2, 3, 7, 247913
What are the prime factors of 7287880?
2, 5, 167, 1091
What are the prime factors of 1762609769?
293, 6015733
List the prime factors of 200857688.
2, 41, 612371
List the prime factors of 8153590.
2, 5, 79, 10321
List the prime factors of 301853603.
31, 41, 53, 4481
List the prime factors of 30072693.
3, 7, 79, 18127
List the prime factors of 559552249.
43, 47, 276869
List the prime factors of 1001649953.
1001649953
What are the prime factors of 198993944?
2, 24874243
What are the prime factors of 619567931?
619567931
What are the prime factors of 1367835427?
7, 195405061
List the prime factors of 61335645.
3, 5, 7, 449, 1301
What are the prime factors of 356493?
3, 118831
What are the prime factors of 3138778436?
2, 784694609
List the prime factors of 836803090.
2, 5, 83680309
List the prime factors of 89010427.
11, 233, 34729
What are the prime factors of 1953931823?
19, 102838517
What are the prime factors of 15365935?
5, 13, 236399
List the prime factors of 485067573.
3, 53896397
What are the prime factors of 6389494482?
2, 3, 7, 167, 751, 1213
What are the prime factors of 646940003?
646940003
List the prime factors of 683815549.
47, 431, 33757
What are the prime factors of 81447228?
2, 3, 599, 1259
What are the prime factors of 2202525341?
2202525341
What are the prime factors of 27898532?
2, 41, 67, 2539
List the prime factors of 57147004.
2, 14286751
List the prime factors of 7790216.
2, 7, 17, 167
What are the prime factors of 1997752652?
2, 7, 43, 1659263
What are the prime factors of 2050191747?
3, 47, 4846789
List the prime factors of 315393744.
2, 3, 6570703
List the prime factors of 898868691.
3, 7, 679417
What are the prime factors of 3065440127?
3065440127
What are the prime factors of 36995450?
2, 5, 739909
List the prime factors of 69751601.
69751601
List the prime factors of 683338600.
2, 5, 7, 29, 16831
What are the prime factors of 2700801239?
337, 8014247
What are the prime factors of 211462644?
2, 3, 23, 766169
List the prime factors of 9310125.
3, 5, 11, 37, 61
List the prime factors of 266375347.
7, 181, 210241
What are the prime factors of 16826015?
5, 733, 4591
List the prime factors of 10536471.
3, 11, 71, 1499
List the prime factors of 40767923.
7, 5823989
List the prime factors of 1537784683.
367, 4190149
What are the prime factors of 3941947?
23, 367, 467
What are the prime factors of 83944992?
2, 3, 874427
List the prime factors of 221523213.
3, 173, 349, 1223
What are the prime factors of 438501935?
5, 67, 929, 1409
List the prime factors of 1819346371.
103, 317, 55721
List the prime factors of 3640816398.
2, 3, 606802733
What are the prime factors of 38514755?
5, 29, 265619
List the prime factors of 152213279.
41, 71, 52289
List the prime factors of 24065469.
3, 2673941
List the prime factors of 1625616717.
3, 409, 1324871
List the prime factors of 296287639.
296287639
List the prime factors of 87105223.
239, 281, 1297
What are the prime factors of 331690677?
3, 151, 732209
List the prime factors of 17685240.
2, 3, 5, 147377
What are the prime factors of 1589984663?
1589984663
What are the prime factors of 7629144116?
2, 11, 173389639
What are the prime factors of 1049190114?
2, 3, 7, 137, 182341
List the prime factors of 141758035.
5, 127, 223241
What are the prime factors of 44135614?
2, 22067807
List the prime factors of 582841537.
582841537
List the prime factors of 61120109.
61, 359, 2791
What are the prime factors of 41264736?
2, 3, 421, 1021
List the prime factors of 141975702.
2, 3, 11, 41, 17489
List the prime factors of 20526479.
19, 1080341
What are the prime factors of 14605872?
2, 3, 97, 3137
List the prime factors of 299060758.
2, 149530379
What are the prime factors of 1832086100?
2, 5, 13, 107, 13171
List the prime factors of 72318815.
5, 31, 466573
What are the prime factors of 27321950?
2, 5, 181, 3019
What are the prime factors of 396415904?
2, 1039, 11923
What are the prime factors of 225800544?
2, 3, 509, 4621
What are the prime factors of 152110215?
3, 5, 3380227
What are the prime factors of 291939977?
7, 107, 389773
List the prime factors of 462309927.
3, 443, 541, 643
List the prime factors of 44118499.
73, 199, 3037
What are the prime factors of 602180772?
2, 3, 37, 43, 31541
What are the prime factors of 458015756?
2, 11, 41, 307, 827
List the prime factors of 45125113.
11, 4102283
List the prime factors of 7545077663.
14741, 511843
List the prime factors of 196567241.
13, 599, 25243
What are the prime factors of 109792988?
2, 1423, 19289
What are the prime factors of 726127938?
2, 3, 139, 290219
List the prime factors of 68517508.
2, 73, 461, 509
What are the prime factors of 137312538?
2, 3, 11, 461, 4513
List the prime factors of 121486882.
2, 11, 5522131
List the prime factors of 1879402197.
3, 23, 27237713
List the prime factors of 25517609.
13, 269, 7297
What are the prime factors of 376063251?
3, 43, 2915219
What are the prime factors of 4165370577?
3, 462818953
List the prime factors of 73589746.
2, 36794873
What are the prime factors of 57887439?
3, 19295813
List the prime factors of 5384008533.
3, 487, 3685153
List the prime factors of 3519841.
13, 73, 3709
List the prime factors of 104922256.
2, 19, 345139
List the prime factors of 54883837.
17, 19, 169919
List the prime factors of 1666085823.
3, 185120647
List the prime factors of 416803204.
2, 104200801
What are the prime factors of 2727041644?
2, 23, 157, 188801
What are the prime factors of 12789783?
3, 29, 49003
List the prime factors of 64522841.
19, 3395939
List the prime factors of 2328336387.
3, 13, 73, 89, 1021
List the prime factors of 27783564.
2, 3, 31, 74687
List the prime factors of 338211746.
2, 29, 37, 359, 439
List the prime factors of 82197670.
2, 5, 337, 24391
What are the prime factors of 251940469?
11, 22903679
What are the prime factors of 103806699?
3, 167, 207199
What are the prime factors of 522968897?
11, 919, 4703
List the prime factors of 38128848.
2, 3, 23, 34537
What ar